{"id":94,"date":"2024-02-18T00:33:02","date_gmt":"2024-02-18T00:33:02","guid":{"rendered":"https:\/\/canalfuturo.com\/?page_id=94"},"modified":"2024-02-18T00:33:02","modified_gmt":"2024-02-18T00:33:02","slug":"condiciones-de-uso","status":"publish","type":"page","link":"https:\/\/canalfuturo.com\/?page_id=94","title":{"rendered":"Condiciones De Uso"},"content":{"rendered":"<body>\n<p>Bienvenido a \u201cCanal Futuro\u201d. Al acceder y utilizar este sitio web, usted acepta cumplir con los siguientes t\u00e9rminos y condiciones de uso. Si no est\u00e1 de acuerdo con alguno de estos t\u00e9rminos, le rogamos que no utilice este sitio.<\/p>\n\n\n\n<p><strong>1. Uso Aceptable:<\/strong> Usted acepta utilizar este sitio \u00fanicamente con fines legales y de acuerdo con estos t\u00e9rminos y condiciones. Se le proh\u00edbe utilizar este sitio de cualquier manera que pueda causar da\u00f1o, interferencia o afectar la disponibilidad o accesibilidad del sitio. Asimismo, usted se compromete a no realizar ninguna actividad que constituya una violaci\u00f3n de la seguridad del sitio o que pueda provocar da\u00f1os a los sistemas inform\u00e1ticos o redes asociadas con este sitio.<\/p>\n\n\n\n<p><strong>2. Propiedad Intelectual:<\/strong> Todos los contenidos presentes en este sitio web, incluidos, entre otros, textos, gr\u00e1ficos, logotipos, im\u00e1genes y software, est\u00e1n protegidos por derechos de autor y otras leyes de propiedad intelectual. Estos contenidos son propiedad exclusiva de \u201cCanal Futuro\u201d o de sus licenciantes. Queda estrictamente prohibida la reproducci\u00f3n, distribuci\u00f3n, modificaci\u00f3n o utilizaci\u00f3n de estos contenidos sin el consentimiento previo por escrito de \u201cCanal Futuro\u201d.<\/p>\n\n\n\n<p><strong>3. Enlaces a Terceros:<\/strong> Este sitio web puede contener enlaces a sitios web de terceros que son proporcionados \u00fanicamente para su conveniencia. \u201cCanal Futuro\u201d no controla ni avala el contenido de estos sitios web de terceros y no se hace responsable de ning\u00fan da\u00f1o o perjuicio derivado de su uso. El acceso a estos sitios web enlazados se realiza bajo su propio riesgo.<\/p>\n\n\n\n<p><strong>4. Renuncia de Responsabilidad:<\/strong> El contenido de este sitio web se proporciona \u201ctal cual\u201d y \u201cseg\u00fan disponibilidad\u201d, sin garant\u00edas de ning\u00fan tipo, ya sean expresas o impl\u00edcitas. \u201cCanal Futuro\u201d no ofrece ninguna garant\u00eda con respecto a la precisi\u00f3n, actualidad, integridad o idoneidad de la informaci\u00f3n contenida en este sitio. Asimismo, \u201cCanal Futuro\u201d no ser\u00e1 responsable de ning\u00fan da\u00f1o directo, indirecto, incidental, consecuente o punitivo derivado del acceso o uso de este sitio web.<\/p>\n\n\n\n<p><strong>5. Modificaciones:<\/strong> \u201cCanal Futuro\u201d se reserva el derecho de modificar estos t\u00e9rminos y condiciones en cualquier momento y sin previo aviso. Le recomendamos que revise peri\u00f3dicamente estos t\u00e9rminos y condiciones para estar al tanto de cualquier cambio. El uso continuado de este sitio despu\u00e9s de la publicaci\u00f3n de cualquier cambio constituir\u00e1 su aceptaci\u00f3n de dichos cambios.<\/p>\n\n\n\n<p><strong>6. Legislaci\u00f3n Aplicable:<\/strong> Estos t\u00e9rminos y condiciones se regir\u00e1n e interpretar\u00e1n de acuerdo con las leyes del lugar donde tiene su sede \u201cCanal Futuro\u201d, sin tener en cuenta sus conflictos de disposiciones legales.<\/p>\n\n\n\n<p>Si tiene alguna pregunta o inquietud sobre estos t\u00e9rminos y condiciones, no dude en ponerse en contacto con nosotros a trav\u00e9s de la informaci\u00f3n de contacto proporcionada en este sitio web.<\/p>\n\n\n\n<p>\u00daltima actualizaci\u00f3n: Febrero 2024.<\/p>\n<\/body>","protected":false},"excerpt":{"rendered":"<p>Bienvenido a \u201cCanal Futuro\u201d. Al acceder y utilizar este sitio web, usted acepta cumplir con los siguientes t\u00e9rminos y condiciones&hellip;<\/p>\n","protected":false},"author":1,"featured_media":0,"parent":0,"menu_order":0,"comment_status":"closed","ping_status":"closed","template":"","meta":{"om_disable_all_campaigns":false,"_monsterinsights_skip_tracking":false,"_monsterinsights_sitenote_active":false,"_monsterinsights_sitenote_note":"","_monsterinsights_sitenote_category":0,"footnotes":""},"class_list":["post-94","page","type-page","status-publish","hentry"],"aioseo_notices":[],"jetpack_sharing_enabled":true,"_links":{"self":[{"href":"https:\/\/canalfuturo.com\/index.php?rest_route=\/wp\/v2\/pages\/94","targetHints":{"allow":["GET"]}}],"collection":[{"href":"https:\/\/canalfuturo.com\/index.php?rest_route=\/wp\/v2\/pages"}],"about":[{"href":"https:\/\/canalfuturo.com\/index.php?rest_route=\/wp\/v2\/types\/page"}],"author":[{"embeddable":true,"href":"https:\/\/canalfuturo.com\/index.php?rest_route=\/wp\/v2\/users\/1"}],"replies":[{"embeddable":true,"href":"https:\/\/canalfuturo.com\/index.php?rest_route=%2Fwp%2Fv2%2Fcomments&post=94"}],"version-history":[{"count":1,"href":"https:\/\/canalfuturo.com\/index.php?rest_route=\/wp\/v2\/pages\/94\/revisions"}],"predecessor-version":[{"id":95,"href":"https:\/\/canalfuturo.com\/index.php?rest_route=\/wp\/v2\/pages\/94\/revisions\/95"}],"wp:attachment":[{"href":"https:\/\/canalfuturo.com\/index.php?rest_route=%2Fwp%2Fv2%2Fmedia&parent=94"}],"curies":[{"name":"wp","href":"https:\/\/api.w.org\/{rel}","templated":true}]}}